{"id":21821,"date":"2017-11-01T15:32:14","date_gmt":"2017-11-01T14:32:14","guid":{"rendered":"http:\/\/hippodrome-cotedazur.fr\/site\/?page_id=21821"},"modified":"2024-10-08T14:56:13","modified_gmt":"2024-10-08T12:56:13","slug":"site-exceptionnel-bord-de-mer","status":"publish","type":"page","link":"https:\/\/hippodrome-cotedazur.fr\/site\/site-exceptionnel-bord-de-mer\/","title":{"rendered":"Un site exceptionnel en bord de mer"},"content":{"rendered":"<div class=\"wpb-content-wrapper\"><p>[vc_row row_type=\u00a0\u00bbrow\u00a0\u00bb use_row_as_full_screen_section=\u00a0\u00bbno\u00a0\u00bb type=\u00a0\u00bbfull_width\u00a0\u00bb text_align=\u00a0\u00bbleft\u00a0\u00bb background_animation=\u00a0\u00bbnone\u00a0\u00bb css_animation=\u00a0\u00bb\u00a0\u00bb][vc_column][rev_slider_vc alias=\u00a0\u00bbun-site-xceptionnel-859&Prime;][\/vc_column][\/vc_row][vc_row row_type=\u00a0\u00bbrow\u00a0\u00bb use_row_as_full_screen_section=\u00a0\u00bbno\u00a0\u00bb type=\u00a0\u00bbfull_width\u00a0\u00bb text_align=\u00a0\u00bbleft\u00a0\u00bb background_image=\u00a0\u00bb21888&Prime; background_animation=\u00a0\u00bbnone\u00a0\u00bb css_animation=\u00a0\u00bb\u00a0\u00bb][vc_column width=\u00a0\u00bb1\/6&Prime;][\/vc_column][vc_column css_animation=\u00a0\u00bbfadeInUp\u00a0\u00bb width=\u00a0\u00bb2\/3&Prime;][vc_empty_space height=\u00a0\u00bb90px\u00a0\u00bb][vc_row_inner row_type=\u00a0\u00bbrow\u00a0\u00bb type=\u00a0\u00bbfull_width\u00a0\u00bb use_row_as_full_screen_section_slide=\u00a0\u00bbno\u00a0\u00bb text_align=\u00a0\u00bbleft\u00a0\u00bb side_padding=\u00a0\u00bb20&Prime; css_animation=\u00a0\u00bb\u00a0\u00bb][vc_column_inner width=\u00a0\u00bb1\/2&Prime;][vc_column_text]<\/p>\n<p style=\"text-align: justify;\">Le ciel azur\u00e9en au-dessus de l\u2019encolure et en toile de fond la Grande Bleue, le cheval ne pouvait h\u00e9riter d\u2019un plus noble cadre pour y accomplir ses exploits. C\u2019est l\u00e0, sur le site exceptionnel de Cagnes-sur-Mer, que l&rsquo;Association des Courses de la C\u00f4te d\u2019Azur a pris le d\u00e9part en 1952, \u00e0 la suite de la fusion des Soci\u00e9t\u00e9s de Courses de Nice et de Cannes. \u00c0 Nice, l\u2019hippodrome devait laisser la place \u00e0 l\u2019actuel a\u00e9roport. Celui de Cannes avait subi de lourds dommages pendant la Seconde Guerre mondiale. Le nouvel hippodrome accueille les premi\u00e8res courses d\u00e8s septembre 1952.<\/p>\n<p>[\/vc_column_text][\/vc_column_inner][vc_column_inner width=\u00a0\u00bb1\/2&Prime;][vc_column_text]<\/p>\n<p style=\"text-align: justify;\">Deuxi\u00e8me champs de course de France et premier de Provence, l\u2019Hippodrome de la C\u00f4te d\u2019Azur organise plus de 80 r\u00e9unions hippiques par an. D\u2019une surface totale de 60 hectares, il peut accueillir 12 000 spectateurs dont 6 000 en tribune et dispose de 2 000 places de parking dans son enceinte. L\u2019hippodrome de la C\u00f4te d\u2019Azur a aussi pour vocation de servir de centre d\u2019entra\u00eenement.<\/p>\n<p>[\/vc_column_text][\/vc_column_inner][\/vc_row_inner][vc_empty_space height=\u00a0\u00bb550px\u00a0\u00bb][\/vc_column][vc_column width=\u00a0\u00bb1\/6&Prime;][\/vc_column][\/vc_row][vc_row row_type=\u00a0\u00bbrow\u00a0\u00bb use_row_as_full_screen_section=\u00a0\u00bbno\u00a0\u00bb type=\u00a0\u00bbfull_width\u00a0\u00bb text_align=\u00a0\u00bbleft\u00a0\u00bb background_color=\u00a0\u00bb#e7e5e4&Prime; background_animation=\u00a0\u00bbnone\u00a0\u00bb css_animation=\u00a0\u00bb\u00a0\u00bb][vc_column width=\u00a0\u00bb1\/4&Prime;][\/vc_column][vc_column css_animation=\u00a0\u00bbfadeInUp\u00a0\u00bb width=\u00a0\u00bb1\/2&Prime;][vc_empty_space height=\u00a0\u00bb70px\u00a0\u00bb][vc_column_text]<\/p>\n<h6 style=\"text-align: center;\"><span style=\"color: #102930;\">LES MEETINGS<\/span><br \/>\n<img loading=\"lazy\" decoding=\"async\" class=\"alignnone size-full wp-image-21677\" src=\"http:\/\/hippodrome-cotedazur.fr\/site\/wp-content\/uploads\/2017\/09\/trait-titre-entete.png\" alt=\"\" width=\"104\" height=\"2\" \/><\/h6>\n<p>[\/vc_column_text][vc_empty_space height=\u00a0\u00bb40px\u00a0\u00bb][vc_column_text css=\u00a0\u00bb.vc_custom_1510141392335{padding-right: 20px !important;padding-left: 20px !important;}\u00a0\u00bb]<\/p>\n<h1 style=\"text-align: center;\">Hiver et \u00e9t\u00e9 :<br \/>\ndeux meetings prestigieux<\/h1>\n<p>[\/vc_column_text][vc_empty_space height=\u00a0\u00bb60px\u00a0\u00bb][\/vc_column][vc_column width=\u00a0\u00bb1\/4&Prime;][\/vc_column][\/vc_row][vc_row row_type=\u00a0\u00bbrow\u00a0\u00bb use_row_as_full_screen_section=\u00a0\u00bbno\u00a0\u00bb type=\u00a0\u00bbfull_width\u00a0\u00bb text_align=\u00a0\u00bbleft\u00a0\u00bb background_color=\u00a0\u00bb#e7e5e4&Prime; background_animation=\u00a0\u00bbnone\u00a0\u00bb css_animation=\u00a0\u00bb\u00a0\u00bb][vc_column width=\u00a0\u00bb1\/6&Prime;][\/vc_column][vc_column css_animation=\u00a0\u00bbfadeIn\u00a0\u00bb width=\u00a0\u00bb2\/3&Prime;][vc_row_inner row_type=\u00a0\u00bbrow\u00a0\u00bb type=\u00a0\u00bbfull_width\u00a0\u00bb use_row_as_full_screen_section_slide=\u00a0\u00bbno\u00a0\u00bb text_align=\u00a0\u00bbleft\u00a0\u00bb css_animation=\u00a0\u00bb\u00a0\u00bb][vc_column_inner width=\u00a0\u00bb1\/2&Prime; css=\u00a0\u00bb.vc_custom_1509648313830{margin: 0px !important;border-width: 0px !important;padding: 0px !important;}\u00a0\u00bb][vc_single_image image=\u00a0\u00bb21903&Prime; img_size=\u00a0\u00bbfull\u00a0\u00bb alignment=\u00a0\u00bbright\u00a0\u00bb qode_css_animation=\u00a0\u00bb\u00a0\u00bb][\/vc_column_inner][vc_column_inner width=\u00a0\u00bb1\/2&Prime; css=\u00a0\u00bb.vc_custom_1509648322230{margin: 0px !important;border-width: 0px !important;padding: 0px !important;}\u00a0\u00bb][vc_single_image image=\u00a0\u00bb21904&Prime; img_size=\u00a0\u00bbfull\u00a0\u00bb qode_css_animation=\u00a0\u00bb\u00a0\u00bb][\/vc_column_inner][\/vc_row_inner][vc_empty_space height=\u00a0\u00bb40px\u00a0\u00bb][\/vc_column][vc_column width=\u00a0\u00bb1\/6&Prime;][\/vc_column][\/vc_row][vc_row row_type=\u00a0\u00bbrow\u00a0\u00bb use_row_as_full_screen_section=\u00a0\u00bbno\u00a0\u00bb type=\u00a0\u00bbfull_width\u00a0\u00bb text_align=\u00a0\u00bbleft\u00a0\u00bb background_color=\u00a0\u00bb#e7e5e4&Prime; background_animation=\u00a0\u00bbnone\u00a0\u00bb side_padding=\u00a0\u00bb20&Prime; css_animation=\u00a0\u00bb\u00a0\u00bb][vc_column width=\u00a0\u00bb1\/4&Prime;][\/vc_column][vc_column css_animation=\u00a0\u00bbfadeInUp\u00a0\u00bb width=\u00a0\u00bb1\/2&Prime;][vc_row_inner row_type=\u00a0\u00bbrow\u00a0\u00bb type=\u00a0\u00bbfull_width\u00a0\u00bb use_row_as_full_screen_section_slide=\u00a0\u00bbno\u00a0\u00bb text_align=\u00a0\u00bbleft\u00a0\u00bb css_animation=\u00a0\u00bb\u00a0\u00bb][vc_column_inner width=\u00a0\u00bb1\/2&Prime;][vc_column_text]<\/p>\n<p style=\"text-align: justify;\">Les meetings de l&rsquo;Association des Courses de la C\u00f4te d\u2019Azur se d\u00e9roulent sur deux saisons. Les r\u00e9unions d\u2019hiver commencent d\u00e9but d\u00e9cembre et finissent mi-mars. Au programme, des courses d\u2019Obstacle, de Plat et de Trot, r\u00e9parties sur une soixantaine de journ\u00e9es. En \u00e9t\u00e9, changement d\u2019allure. Pendant les mois de juillet et d\u2019ao\u00fbt, les manifestations se produisent dans l\u2019ambiance magique des nocturnes. Elles sont r\u00e9serv\u00e9es \u00e0 des courses de Trot qui ont g\u00e9n\u00e9ralement lieu chaque lundi, mercredi et vendredi.<\/p>\n<p>[\/vc_column_text][\/vc_column_inner][vc_column_inner width=\u00a0\u00bb1\/2&Prime;][vc_column_text]<\/p>\n<p style=\"text-align: justify;\">L&rsquo;Association des Courses de la C\u00f4te d\u2019Azur propose aux entra\u00eeneurs et aux propri\u00e9taires participant \u00e0 ses meetings les structures d\u2019accueil et de confort appropri\u00e9es. En plus d\u2019un important nombre de boxes, un ensemble complet d\u2019\u00e9quipements est \u00e0 leur disposition : clinique et centre d\u2019imagerie v\u00e9t\u00e9rinaire, foyer des apprentis, cantine et nombreuses chambres de lads. Durant le Meeting d\u2019Hiver, l\u2019Hippodrome de la C\u00f4te d\u2019Azur accueille jusqu\u2019\u00e0 1200 chevaux dans ses boxes.<\/p>\n<p>[\/vc_column_text][\/vc_column_inner][\/vc_row_inner][vc_empty_space height=\u00a0\u00bb100px\u00a0\u00bb][\/vc_column][vc_column width=\u00a0\u00bb1\/4&Prime;][\/vc_column][\/vc_row][vc_row row_type=\u00a0\u00bbrow\u00a0\u00bb use_row_as_full_screen_section=\u00a0\u00bbno\u00a0\u00bb type=\u00a0\u00bbfull_width\u00a0\u00bb text_align=\u00a0\u00bbleft\u00a0\u00bb background_animation=\u00a0\u00bbnone\u00a0\u00bb css_animation=\u00a0\u00bb\u00a0\u00bb][vc_column][vc_row_inner row_type=\u00a0\u00bbrow\u00a0\u00bb type=\u00a0\u00bbfull_width\u00a0\u00bb use_row_as_full_screen_section_slide=\u00a0\u00bbno\u00a0\u00bb text_align=\u00a0\u00bbleft\u00a0\u00bb css_animation=\u00a0\u00bb\u00a0\u00bb css=\u00a0\u00bb.vc_custom_1509654754121{background-color: #353238 !important;}\u00a0\u00bb][vc_column_inner width=\u00a0\u00bb1\/2&Prime;][vc_empty_space height=\u00a0\u00bb70px\u00a0\u00bb][vc_column_text]<\/p>\n<h6 style=\"text-align: center;\"><span style=\"color: #ffffff;\">L&rsquo;Association des Courses de la C\u00f4te d\u2019Azur<\/span><br \/>\n<img loading=\"lazy\" decoding=\"async\" class=\"alignnone size-full wp-image-21677\" src=\"http:\/\/hippodrome-cotedazur.fr\/site\/wp-content\/uploads\/2017\/09\/trait-titre-entete.png\" alt=\"\" width=\"104\" height=\"2\" \/><\/h6>\n<p>[\/vc_column_text][vc_empty_space height=\u00a0\u00bb70px\u00a0\u00bb][vc_column_text css=\u00a0\u00bb.vc_custom_1510141654265{padding-right: 40px !important;padding-left: 40px !important;}\u00a0\u00bb]<\/p>\n<h1><span style=\"color: #fdb813;\">Un acteur majeur<\/span><br \/>\n<span style=\"color: #fdb813;\">du monde des courses<\/span><\/h1>\n<p>[\/vc_column_text][vc_empty_space height=\u00a0\u00bb40px\u00a0\u00bb][vc_column_text css=\u00a0\u00bb.vc_custom_1728388783793{padding-right: 10% !important;padding-left: 10% !important;}\u00a0\u00bb]<\/p>\n<p style=\"text-align: justify;\"><span style=\"color: #ffffff;\">Cr\u00e9\u00e9e le 12 d\u00e9cembre 1951, l&rsquo;Association des Courses de la C\u00f4te d\u2019Azur (A2CA) est une association \u00e0 but non lucratif. Comme toutes les Soci\u00e9t\u00e9s de Courses, sa vocation majeure est de d\u00e9velopper la \u00abfili\u00e8re cheval\u00bb. La A2CA est locataire emphyt\u00e9otique du terrain de l\u2019hippodrome qui appartient \u00e0 la Ville de Cagnes-sur-Mer. Chaque ann\u00e9e, la Soci\u00e9t\u00e9 consacre des travaux importants pour maintenir et moderniser les installations du champ de courses, avec l\u2019aide des deux soci\u00e9t\u00e9s m\u00e8res France Galop et la SECF.<\/span><\/p>\n<p>[\/vc_column_text][vc_empty_space height=\u00a0\u00bb70px\u00a0\u00bb][\/vc_column_inner][vc_column_inner width=\u00a0\u00bb1\/2&Prime;][vc_single_image image=\u00a0\u00bb22558&Prime; img_size=\u00a0\u00bbfull\u00a0\u00bb alignment=\u00a0\u00bbcenter\u00a0\u00bb qode_css_animation=\u00a0\u00bbelement_from_right\u00a0\u00bb][\/vc_column_inner][\/vc_row_inner][\/vc_column][\/vc_row][vc_row row_type=\u00a0\u00bbrow\u00a0\u00bb use_row_as_full_screen_section=\u00a0\u00bbno\u00a0\u00bb type=\u00a0\u00bbfull_width\u00a0\u00bb text_align=\u00a0\u00bbleft\u00a0\u00bb background_animation=\u00a0\u00bbnone\u00a0\u00bb css_animation=\u00a0\u00bb\u00a0\u00bb css=\u00a0\u00bb.vc_custom_1509657168967{background-image: url(https:\/\/hippodrome-cotedazur.fr\/site\/wp-content\/uploads\/2017\/11\/fond3-chiffres-cles-lesite.jpg?id=21999) !important;background-position: center !important;background-repeat: no-repeat !important;background-size: cover !important;}\u00a0\u00bb][vc_column width=\u00a0\u00bb1\/6&Prime;][\/vc_column][vc_column css_animation=\u00a0\u00bbfadeInUp\u00a0\u00bb width=\u00a0\u00bb2\/3&Prime;][vc_empty_space height=\u00a0\u00bb70px\u00a0\u00bb][vc_column_text]<\/p>\n<h6 style=\"text-align: center;\">CHIFFRES CL\u00c9S<br \/>\n<img loading=\"lazy\" decoding=\"async\" class=\"alignnone size-full wp-image-21677\" src=\"http:\/\/hippodrome-cotedazur.fr\/site\/wp-content\/uploads\/2017\/09\/trait-titre-entete.png\" alt=\"\" width=\"104\" height=\"2\" \/><\/h6>\n<p>[\/vc_column_text][vc_empty_space height=\u00a0\u00bb40px\u00a0\u00bb][vc_column_text]<\/p>\n<h1 style=\"text-align: center;\">L\u2019hippodrome<br \/>\nde La C\u00f4te d\u2019Azur en chiffres<\/h1>\n<p>[\/vc_column_text][vc_empty_space height=\u00a0\u00bb60px\u00a0\u00bb][vc_row_inner row_type=\u00a0\u00bbrow\u00a0\u00bb type=\u00a0\u00bbfull_width\u00a0\u00bb use_row_as_full_screen_section_slide=\u00a0\u00bbno\u00a0\u00bb text_align=\u00a0\u00bbleft\u00a0\u00bb css_animation=\u00a0\u00bb\u00a0\u00bb][vc_column_inner width=\u00a0\u00bb1\/4&Prime;][vc_single_image image=\u00a0\u00bb22690&Prime; img_size=\u00a0\u00bbfull\u00a0\u00bb alignment=\u00a0\u00bbcenter\u00a0\u00bb qode_css_animation=\u00a0\u00bb\u00a0\u00bb][\/vc_column_inner][vc_column_inner width=\u00a0\u00bb1\/4&Prime;][vc_single_image image=\u00a0\u00bb22695&Prime; img_size=\u00a0\u00bbfull\u00a0\u00bb alignment=\u00a0\u00bbcenter\u00a0\u00bb qode_css_animation=\u00a0\u00bb\u00a0\u00bb][\/vc_column_inner][vc_column_inner width=\u00a0\u00bb1\/4&Prime;][vc_single_image image=\u00a0\u00bb22687&Prime; img_size=\u00a0\u00bb600&#215;500&Prime; alignment=\u00a0\u00bbcenter\u00a0\u00bb qode_css_animation=\u00a0\u00bb\u00a0\u00bb][\/vc_column_inner][vc_column_inner width=\u00a0\u00bb1\/4&Prime;][vc_single_image image=\u00a0\u00bb22685&Prime; img_size=\u00a0\u00bb600&#215;500 (Width x Height)\u00a0\u00bb alignment=\u00a0\u00bbcenter\u00a0\u00bb qode_css_animation=\u00a0\u00bb\u00a0\u00bb][\/vc_column_inner][\/vc_row_inner][vc_empty_space height=\u00a0\u00bb60px\u00a0\u00bb][vc_row_inner row_type=\u00a0\u00bbrow\u00a0\u00bb type=\u00a0\u00bbfull_width\u00a0\u00bb use_row_as_full_screen_section_slide=\u00a0\u00bbno\u00a0\u00bb text_align=\u00a0\u00bbleft\u00a0\u00bb css_animation=\u00a0\u00bb\u00a0\u00bb][vc_column_inner width=\u00a0\u00bb1\/3&Prime;][vc_column_text css=\u00a0\u00bb.vc_custom_1728384573559{margin-right: 20px !important;margin-left: 20px !important;}\u00a0\u00bb]<\/p>\n<table border=\"0\" width=\"100%\" cellspacing=\"0\" cellpadding=\"0\">\n<tbody>\n<tr>\n<td style=\"text-align: left;\" width=\"100%\"><span style=\"font-size: 16px; color: #935a3d;\"><strong>60 ha de surface totale<\/strong><\/span><br \/>\n<span style=\"text-align: left;\"><strong>14 ha<\/strong>\u00a0de pistes en herbe<br \/>\n<strong>4 ha<\/strong>\u00a0de pistes en sable fibr\u00e9<br \/>\n<strong>3 ha<\/strong> de pistes de courses de Trot<br \/>\n<strong>8 ha<\/strong>\u00a0de pistes d\u2019entra\u00eenement<br \/>\n<\/span><\/td>\n<\/tr>\n<\/tbody>\n<\/table>\n<p>[\/vc_column_text][\/vc_column_inner][vc_column_inner width=\u00a0\u00bb1\/3&Prime;][vc_column_text css=\u00a0\u00bb.vc_custom_1728383524193{margin-right: 20px !important;margin-left: 20px !important;}\u00a0\u00bb]<\/p>\n<table border=\"0\" width=\"100%\" cellspacing=\"0\" cellpadding=\"0\">\n<tbody>\n<tr>\n<td style=\"text-align: left;\" width=\"100%\"><span style=\"font-size: 16px; color: #935a3d;\"><strong>Capacit\u00e9<\/strong><\/span><br \/>\n<span style=\"text-align: left;\">Public : <strong>12 000<\/strong> places,<br \/>\ndont <strong>6 000<\/strong> dans les tribunes<br \/>\nRestaurant panoramique :<br \/>\npublic <strong>350 couverts<\/strong><br \/>\nSalle de groupe : <strong>80 couverts<\/strong><br \/>\nRestaurant gastronomique : <strong>60 couverts<\/strong><br \/>\nCapacit\u00e9 d&rsquo;accueil : <strong>150 lits<\/strong><br \/>\n<\/span><\/td>\n<\/tr>\n<\/tbody>\n<\/table>\n<p>[\/vc_column_text][\/vc_column_inner][vc_column_inner width=\u00a0\u00bb1\/3&Prime;][vc_column_text css=\u00a0\u00bb.vc_custom_1728383649223{margin-right: 20px !important;margin-left: 20px !important;}\u00a0\u00bb]<\/p>\n<table border=\"0\" width=\"100%\" cellspacing=\"0\" cellpadding=\"0\">\n<tbody>\n<tr>\n<td style=\"text-align: left;\" width=\"100%\"><span style=\"font-size: 16px; color: #935a3d;\"><strong>Chevaux<\/strong><\/span><br \/>\n<span style=\"text-align: left;\"><strong>900 boxes<\/strong> r\u00e9partis en 4 cit\u00e9s<br \/>\n<span style=\"font-size: 16px; color: #935a3d;\"><strong>Parkings<\/strong><\/span><br \/>\n<strong>2 000 places<\/strong><br \/>\n<span style=\"font-size: 16px; color: #935a3d;\"><strong>Administratif<\/strong><\/span><br \/>\n<strong>26<\/strong> permanents<br \/>\n<strong>2<sup>e<\/sup><\/strong> hippodrome de France<br \/>\n<\/span><\/td>\n<\/tr>\n<\/tbody>\n<\/table>\n<p>[\/vc_column_text][\/vc_column_inner][\/vc_row_inner][vc_empty_space height=\u00a0\u00bb60px\u00a0\u00bb][\/vc_column][vc_column width=\u00a0\u00bb1\/6&Prime;][\/vc_column][\/vc_row][vc_row row_type=\u00a0\u00bbrow\u00a0\u00bb use_row_as_full_screen_section=\u00a0\u00bbno\u00a0\u00bb type=\u00a0\u00bbfull_width\u00a0\u00bb text_align=\u00a0\u00bbleft\u00a0\u00bb background_color=\u00a0\u00bb#fdb813&Prime; background_animation=\u00a0\u00bbnone\u00a0\u00bb css_animation=\u00a0\u00bb\u00a0\u00bb][vc_column][vc_empty_space height=\u00a0\u00bb40px\u00a0\u00bb][vc_row_inner row_type=\u00a0\u00bbrow\u00a0\u00bb type=\u00a0\u00bbfull_width\u00a0\u00bb use_row_as_full_screen_section_slide=\u00a0\u00bbno\u00a0\u00bb text_align=\u00a0\u00bbleft\u00a0\u00bb css_animation=\u00a0\u00bbelement_from_fade\u00a0\u00bb][vc_column_inner width=\u00a0\u00bb1\/4&Prime;]<div class=\"q_counter_holder  center\" style=\"\"><span class=\"counter  zero\" style=\"color: #ffffff;font-size: 50px;font-weight: 400;\">12000<\/span><p class=\"counter_text\" style=\"font-size: 16px;font-weight: 400;text-transform: none;color: #102930;\">places dont 6000 en tribunes<\/p><\/div>[\/vc_column_inner][vc_column_inner width=\u00a0\u00bb1\/4&Prime;]<div class=\"q_counter_holder  center\" style=\"\"><span class=\"counter  zero\" style=\"color: #ffffff;font-size: 50px;font-weight: 400;\">350<\/span><p class=\"counter_text\" style=\"font-size: 16px;font-weight: 400;text-transform: none;color: #102930;\">couverts restaurant panoramique<\/p><\/div>[\/vc_column_inner][vc_column_inner width=\u00a0\u00bb1\/4&Prime;]<div class=\"q_counter_holder  center\" style=\"\"><span class=\"counter  zero\" style=\"color: #ffffff;font-size: 50px;font-weight: 400;\">60<\/span><p class=\"counter_text\" style=\"font-size: 16px;font-weight: 400;text-transform: none;color: #102930;\">hectares de surface totale de l\u2019hippodrome<\/p><\/div>[\/vc_column_inner][vc_column_inner width=\u00a0\u00bb1\/4&Prime;]<div class=\"q_counter_holder  center\" style=\"\"><span class=\"counter  zero\" style=\"color: #ffffff;font-size: 50px;font-weight: 400;\">900<\/span><p class=\"counter_text\" style=\"font-size: 16px;font-weight: 400;text-transform: none;color: #102930;\">boxes \u00e0 chevaux r\u00e9partis en 4 cit\u00e9s<\/p><\/div>[\/vc_column_inner][\/vc_row_inner][vc_empty_space height=\u00a0\u00bb40px\u00a0\u00bb][\/vc_column][\/vc_row]<\/p>\n<\/div>","protected":false},"excerpt":{"rendered":"<p>[vc_row row_type=\u00a0\u00bbrow\u00a0\u00bb use_row_as_full_screen_section=\u00a0\u00bbno\u00a0\u00bb type=\u00a0\u00bbfull_width\u00a0\u00bb text_align=\u00a0\u00bbleft\u00a0\u00bb background_animation=\u00a0\u00bbnone\u00a0\u00bb css_animation=\u00a0\u00bb\u00a0\u00bb][vc_column][rev_slider_vc alias=\u00a0\u00bbun-site-xceptionnel-859&Prime;][\/vc_column][\/vc_row][vc_row row_type=\u00a0\u00bbrow\u00a0\u00bb use_row_as_full_screen_section=\u00a0\u00bbno\u00a0\u00bb type=\u00a0\u00bbfull_width\u00a0\u00bb text_align=\u00a0\u00bbleft\u00a0\u00bb background_image=\u00a0\u00bb21888&Prime; background_animation=\u00a0\u00bbnone\u00a0\u00bb css_animation=\u00a0\u00bb\u00a0\u00bb][vc_column width=\u00a0\u00bb1\/6&Prime;][\/vc_column][vc_column css_animation=\u00a0\u00bbfadeInUp\u00a0\u00bb width=\u00a0\u00bb2\/3&Prime;][vc_empty_space height=\u00a0\u00bb90px\u00a0\u00bb][vc_row_inner row_type=\u00a0\u00bbrow\u00a0\u00bb&#8230;<\/p>\n","protected":false},"author":1,"featured_media":0,"parent":0,"menu_order":0,"comment_status":"closed","ping_status":"closed","template":"full_width.php","meta":{"footnotes":"","_links_to":"","_links_to_target":""},"class_list":["post-21821","page","type-page","status-publish","hentry"],"_links":{"self":[{"href":"https:\/\/hippodrome-cotedazur.fr\/site\/wp-json\/wp\/v2\/pages\/21821","targetHints":{"allow":["GET"]}}],"collection":[{"href":"https:\/\/hippodrome-cotedazur.fr\/site\/wp-json\/wp\/v2\/pages"}],"about":[{"href":"https:\/\/hippodrome-cotedazur.fr\/site\/wp-json\/wp\/v2\/types\/page"}],"author":[{"embeddable":true,"href":"https:\/\/hippodrome-cotedazur.fr\/site\/wp-json\/wp\/v2\/users\/1"}],"replies":[{"embeddable":true,"href":"https:\/\/hippodrome-cotedazur.fr\/site\/wp-json\/wp\/v2\/comments?post=21821"}],"version-history":[{"count":176,"href":"https:\/\/hippodrome-cotedazur.fr\/site\/wp-json\/wp\/v2\/pages\/21821\/revisions"}],"predecessor-version":[{"id":23781,"href":"https:\/\/hippodrome-cotedazur.fr\/site\/wp-json\/wp\/v2\/pages\/21821\/revisions\/23781"}],"wp:attachment":[{"href":"https:\/\/hippodrome-cotedazur.fr\/site\/wp-json\/wp\/v2\/media?parent=21821"}],"curies":[{"name":"wp","href":"https:\/\/api.w.org\/{rel}","templated":true}]}}